d w.
16
Let u = -153 + -4. Let l = 347 + u. What is the greatest common factor of l and 30?
10
Let w be -1*(-2)/(-3)*-429. Let m(g) = g**3 - g**2 - 69*g + 26. Let z be m(0). Calculate the greatest common factor of z and w.
26
Let s = 5174 - 2611. Calculate the highest common factor of s and 33.
11
Let p(r) = -293*r + 32. Let g be p(-1). Calculate the greatest common divisor of 299 and g.
13
Suppose -2*k + 4 = 0, -5*f + 1476 = 3*k - 4060. What is the highest common factor of f and 56?
14
Let g be ((-34)/((-2380)/357945))/(1/(-2) - -1). Calculate the highest common divisor of 21 and g.
21
Suppose -2*i - 3*h + 324 = -180, 0 = i + 3*h - 252. Calculate the highest common factor of i and 1764.
252
Let y be (-168)/(-1) + (6 - 6). Let a(w) = -w**2 + 24*w - 86. Let o be a(8). Calculate the highest common factor of y and o.
42
Let s(j) = 16*j - 493. Let g be s(38). Let h = 121 + -75. What is the greatest common factor of h and g?
23
Suppose 5*r + 26 = 2*m, -41*m = -44*m - r + 5. Suppose 0 = -3*h - 2*k - 3*k + 1488, -5*h + m*k = -2480. What is the greatest common factor of 32 and h?
16
Let u = 16 - -147. Let v = -88 + u. Calculate the greatest common divisor of v and 45.
15
Let x(u) = 67*u - 28. Let h be x(4). Let d = h + -237. Calculate the greatest common divisor of 4 and d.
1
Let p = 3613 - 452. What is the highest common divisor of p and 29?
29
Let s = -96 + 416. Let i = -5223 + 5228. Calculate the highest common divisor of s and i.
5
Suppose 0 = 5*d + 5*d - 690. Suppose 38*g = d*g - 620. What is the highest common divisor of 25 and g?
5
Suppose -128 = -4*k - 3*i, 2*k - 7*k = -2*i - 160. Let y = k + -62. Let a be (-20)/(-12)*y/(-2). What is the greatest common factor of a and 50?
25
Suppose 0 = -16*m + 66 + 30. Let f = 90 - -12. Calculate the highest common factor of m and f.
6
Let i = -116 + 118. Suppose -14 = -j - 11. Suppose -2*q - j = -11. What is the highest common divisor of i and q?
2
Suppose -2*y - 3*y = -60. Suppose j + 338 = 2*n, -280 = -3*n + 5*j + 241. Let c = n + -35. What is the greatest common factor of c and y?
12
Let k be 4 - 81/18 - 81/(-6). What is the greatest common factor of k and 4043?
13
Let l = -446 - -425. Let d(a) = a**3 + 20*a**2 - 23*a - 41. Let q be d(l). Calculate the highest common divisor of 2 and q.
1
Let n = -4714 - -5008. What is the highest common factor of 150 and n?
6
Let s be 98/5*(-425)/(-17). What is the highest common divisor of 280 and s?
70
Let a be (((-10030)/(-25))/17)/(1/5). Calculate the highest common factor of 4484 and a.
118
Let o(a) = a**3 + 33*a**2 + 58*a + 213. Let w be o(-24). Calculate the greatest common factor of 54 and w.
9
Suppose -13*m + 16*m = 42. Let u(t) = 11*t**3 - 374*t**2 + t - 28. Let j be u(34). What is the greatest common factor of j and m?
2
Let o be (-219)/(1/5*(1 + -4)). Suppose 0 = 4*j + b - o, 0 = -0*j + 3*j - 2*b - 260. What is the greatest common divisor of j and 15?
15
Let v = -2183 - -2238. Calculate the greatest common divisor of v and 44.
11
Let v(i) = 2440*i - 9119. Let z be v(5). Calculate the greatest common divisor of z and 52.
13
Let p be 567/(-324) + (-887)/(-4). Let d = -2 - -22. Calculate the greatest common divisor of d and p.
20
Suppose -70*q + 3908 = -18492. What is the greatest common factor of 704 and q?
64
Suppose 1041*v = 1033*v - 4912. Let q = 680 + v. Calculate the greatest common factor of 330 and q.
66
Suppose -4*u + 5594 = -n, -2*n + 0*u - 11188 = 3*u. Let o = n - -12090. Let k be o/252 + (-2)/(-9). What is the greatest common factor of 130 and k?
26
Let s(u) = -5*u**3 + 4*u**2 + 46*u + 118. Let l be s(-4). Calculate the greatest common divisor of 8374 and l.
106
Let v = 4181 + -4176. What is the highest common divisor of v and 265?
5
Let l be 6*336/(24 - 0). Let g be (-418)/(-4) - 1/(-2). What is the greatest common factor of l and g?
21
Let m = 2153 + 1177. Calculate the greatest common factor of m and 180.
90
Let j(q) = 6*q**2 + 337*q - 1024. Let m be j(3). Calculate the greatest common factor of 42681 and m.
41
Suppose -20*l = -a - 22*l + 126, -a = 5*l - 120. What is the highest common factor of 1248 and a?
26
Let g(s) = s**3 + 10*s**2 - 5*s - 94. Let r(c) = -2*c**3 + 66*c**2 - 2*c + 58. Let j be r(33). Let k be g(j). Calculate the greatest common divisor of 2 and k.
2
Let c(q) = q**3 + 29*q**2 - 44*q - 230. Let v be c(-30). Calculate the greatest common factor of 684 and v.
38
Let v = 13160 + -13076. What is the greatest common divisor of v and 768?
12
Let s(u) = u**3 - 20*u**2 + 94*u + 93. Let b be s(13). Suppose -2*w + 80 = 4*g, 0 = 5*w - 0*g + 2*g - 232. Calculate the highest common factor of b and w.
12
Suppose -290641 = 252*r - 421688 - 778421. Calculate the highest common divisor of r and 9.
9
Let d(k) = -k**3 - 9*k**2 + 3*k + 28. Let z be d(-9). Let u be z/(1/150)*(-14)/(-35). Calculate the highest common factor of 48 and u.
12
Let k = -2591 - -3743. Calculate the highest common factor of k and 9.
9
Let j = -16722 + 33032. Calculate the greatest common divisor of j and 35.
35
Let l(i) = 4*i - 12. Let m be l(5). Suppose m*k - 86 = -22. Let h = 240 + -88. Calculate the greatest common divisor of h and k.
8
Let z(o) be the second derivative of -o**4/12 - 17*o**3/6 - 5*o**2 - 51*o. Let m be z(-5). Calculate the greatest common divisor of m and 250.
50
Suppose -156*y + 8973 = -12555. What is the greatest common divisor of y and 5198?
46
Let w be (-1)/((-14)/540) + 207/483. Suppose i + 7*l = 4*l + 24, 3*i - 2*l - w = 0. What is the greatest common divisor of i and 65?
5
Let g(j) = -21*j**3 + 7*j**2 + 41*j + 102. Let i be g(-3). What is the greatest common divisor of 336 and i?
21
Suppose -2*a - 188 = -2*o, -2*a = -0*a - o + 188. Let w be a/141 - (-818)/3. What is the greatest common factor of w and 32?
16
Suppose 0 = -4*x + d + 85, 4*x - 4 = -2*d + 90. Let q be 1 - 4/8*-2*-871. Let s = 980 + q. Calculate the highest common divisor of s and x.
22
Let d = -2 + 2. Suppose d*r + 4 = r. Let q be (-1)/8*-18 + (-602)/(-56) + -11. What is the highest common factor of q and r?
2
Suppose -4*m - 2*y + 1408 = -2*m, 2816 = 4*m + y. Let p = m - 596. Calculate the greatest common factor of p and 12.
12
Suppose j + 2*b - 22 + 1 = 0, -60 = -4*j - 2*b. What is the highest common factor of 3250 and j?
13
Suppose -18*c + 56 = -10*c. Suppose 0*m = c*m - 784. Calculate the greatest common divisor of m and 16.
16
Suppose 6 = a + 2*n - 6, -4*a - 5*n + 36 = 0. Suppose a*x + v - 380 = 0, 5*x - 8*v - 475 = -6*v. What is the greatest common divisor of x and 38?
19
Let s(c) = 5*c - 37. Let p be s(9). Suppose 2*d - 450 = -p*d. Suppose -20*n = -15*n - d. Calculate the greatest common factor of n and 162.
9
Suppose 12*n - 1103 = 1837. Let f = -49 - -119. What is the greatest common factor of n and f?
35
Let u(a) = 2*a**2 - 41*a - 21. Let k be u(21). Suppose -2*t - 2*c + 342 = k, 4*c - 312 - 28 = -2*t. Calculate the highest common factor of 43 and t.
43
Let b(x) = -4*x. Suppose -2*p + 30 = -4*p. Let z be (12/p)/(12/30). Let d be b(z). What is the greatest common divisor of 40 and d?
8
Suppose -4*a + 2*l = -1614, 0 = -3*a - 4*l - 737 + 1986. Calculate the greatest common divisor of 1369 and a.
37
Let q(p) = -11*p + 35. Let w(j) = 2*j. Let a(o) = q(o) + 2*w(o). Let b be a(0). What is the highest common divisor of 7 and b?
7
Suppose 4*k - 1356 = -s + 5789, -3*s + 8947 = 5*k. Calculate the highest common divisor of k and 88.
8
Suppose q + 7 = -o + 47, -q + 160 = 4*o. What is the highest common divisor of 6680 and o?
40
Suppose 0 = 14*v + 25*v - 1755. Suppose 4*m + v - 149 = 0. Calculate the highest common divisor of 4 and m.
2
Let g = -755 + 419. Let r = g - -981. What is the highest common factor of r and 86?
43
Let m be 4/12 + (-872)/36*-39. Suppose 0 = -11*s - 4*s + m. What is the greatest common divisor of 7 and s?
7
Suppose 9*n + 21 - 51 = 4*n. Suppose 2*y - 138 = y. What is the highest common factor of y and n?
6
Suppose 175 = -4*x + 35. Suppose -6*a - 139 = -2*a + 5*r, 19 = -a + 4*r. Let o = a - x. What is the highest common divisor of 32 and o?
4
Let b = 1400 + -749. What is the greatest common factor of 93 and b?
93
Let g(o) = -2*o**3 - 10*o**2 + 63*o + 176. Let k be g(-11). Calculate the highest common factor of k and 255.
85
Let d be 30/20*44/6 + 6 + 0. What is the